{"id":2,"date":"2021-01-15T09:14:46","date_gmt":"2021-01-15T09:14:46","guid":{"rendered":"http:\/\/localhost\/wordpress\/?page_id=2"},"modified":"2022-06-16T10:38:40","modified_gmt":"2022-06-16T10:38:40","slug":"sample-page","status":"publish","type":"page","link":"https:\/\/www.mentlik.net\/index.php\/sample-page\/","title":{"rendered":"Ostatn\u00ed projekty"},"content":{"rendered":"<div class=\"wp-block-image is-style-rounded\">\n<figure class=\"aligncenter size-full\"><a href=\"http:\/\/www.cbhardtmuth.cz\"><img loading=\"lazy\" width=\"1440\" height=\"412\" src=\"https:\/\/www.mentlik.net\/wp-content\/uploads\/2021\/01\/hardtmuth.jpg\" alt=\"\" class=\"wp-image-10\" srcset=\"https:\/\/www.mentlik.net\/wp-content\/uploads\/2021\/01\/hardtmuth.jpg 1440w, https:\/\/www.mentlik.net\/wp-content\/uploads\/2021\/01\/hardtmuth-300x86.jpg 300w, https:\/\/www.mentlik.net\/wp-content\/uploads\/2021\/01\/hardtmuth-1024x293.jpg 1024w, https:\/\/www.mentlik.net\/wp-content\/uploads\/2021\/01\/hardtmuth-768x220.jpg 768w\" sizes=\"(max-width: 1440px) 100vw, 1440px\" \/><\/a><figcaption><a href=\"http:\/\/www.cbhardtmuth.cz\">Produkce kameniny a porcel\u00e1nu spole\u010dnosti L&amp;C Hardtmuth \u010cesk\u00e9 Bud\u011bjovice<\/a><\/figcaption><\/figure><\/div>\n\n<div class=\"wp-block-image is-style-rounded\">\n<figure class=\"aligncenter size-large\"><a href=\"http:\/\/www.rarebooks.cz\"><img loading=\"lazy\" width=\"1024\" height=\"301\" src=\"https:\/\/www.mentlik.net\/wp-content\/uploads\/2021\/01\/staretisky-1024x301.jpg\" alt=\"\" class=\"wp-image-18\" srcset=\"https:\/\/www.mentlik.net\/wp-content\/uploads\/2021\/01\/staretisky-1024x301.jpg 1024w, https:\/\/www.mentlik.net\/wp-content\/uploads\/2021\/01\/staretisky-300x88.jpg 300w, https:\/\/www.mentlik.net\/wp-content\/uploads\/2021\/01\/staretisky-768x226.jpg 768w, https:\/\/www.mentlik.net\/wp-content\/uploads\/2021\/01\/staretisky.jpg 1435w\" sizes=\"(max-width: 1024px) 100vw, 1024px\" \/><\/a><figcaption><a href=\"http:\/\/www.rarebooks.cz\">Sb\u00edrka star\u00fdch tisk\u016f<\/a><\/figcaption><\/figure><\/div>\n\n<div class=\"wp-block-image is-style-rounded\">\n<figure class=\"aligncenter size-large\"><a href=\"http:\/\/www.studenavalka.cz\"><img loading=\"lazy\" width=\"1024\" height=\"309\" src=\"https:\/\/www.mentlik.net\/wp-content\/uploads\/2021\/01\/coldwar-1024x309.jpg\" alt=\"\" class=\"wp-image-19\" srcset=\"https:\/\/www.mentlik.net\/wp-content\/uploads\/2021\/01\/coldwar-1024x309.jpg 1024w, https:\/\/www.mentlik.net\/wp-content\/uploads\/2021\/01\/coldwar-300x91.jpg 300w, https:\/\/www.mentlik.net\/wp-content\/uploads\/2021\/01\/coldwar-768x232.jpg 768w, https:\/\/www.mentlik.net\/wp-content\/uploads\/2021\/01\/coldwar.jpg 1435w\" sizes=\"(max-width: 1024px) 100vw, 1024px\" \/><\/a><figcaption><a href=\"http:\/\/www.studenavalka.cz\">Str\u00e1nky v\u011bnovan\u00e9 studen\u00e9 v\u00e1lce<\/a><\/figcaption><\/figure><\/div>\n\n<div class=\"wp-block-image is-style-rounded\">\n<figure class=\"aligncenter size-large\"><a href=\"http:\/\/www.starebudejovice.cz\"><img loading=\"lazy\" width=\"720\" height=\"357\" src=\"https:\/\/www.mentlik.net\/wp-content\/uploads\/2021\/01\/cb.jpg\" alt=\"\" class=\"wp-image-24\" srcset=\"https:\/\/www.mentlik.net\/wp-content\/uploads\/2021\/01\/cb.jpg 720w, https:\/\/www.mentlik.net\/wp-content\/uploads\/2021\/01\/cb-300x149.jpg 300w\" sizes=\"(max-width: 720px) 100vw, 720px\" \/><\/a><figcaption><a href=\"http:\/\/www.starebudejovice.cz\">Star\u00e9 Bud\u011bjovice<\/a><\/figcaption><\/figure><\/div>\n\n<div class=\"wp-block-image is-style-rounded\">\n<figure class=\"aligncenter size-large\"><img loading=\"lazy\" width=\"1024\" height=\"576\" src=\"https:\/\/www.mentlik.net\/wp-content\/uploads\/2022\/05\/DSC_0002-1024x576.jpg\" alt=\"\" class=\"wp-image-27\" srcset=\"https:\/\/www.mentlik.net\/wp-content\/uploads\/2022\/05\/DSC_0002-1024x576.jpg 1024w, https:\/\/www.mentlik.net\/wp-content\/uploads\/2022\/05\/DSC_0002-300x169.jpg 300w, https:\/\/www.mentlik.net\/wp-content\/uploads\/2022\/05\/DSC_0002-768x432.jpg 768w, https:\/\/www.mentlik.net\/wp-content\/uploads\/2022\/05\/DSC_0002-1536x864.jpg 1536w, https:\/\/www.mentlik.net\/wp-content\/uploads\/2022\/05\/DSC_0002-2048x1152.jpg 2048w\" sizes=\"(max-width: 1024px) 100vw, 1024px\" \/><figcaption><a href=\"https:\/\/mentlik.net\/books\/az.html\" target=\"_blank\" rel=\"noreferrer noopener\">Abecedn\u011b<\/a> &#8211; <a href=\"https:\/\/www.mentlik.net\/books\/index.html\" target=\"_blank\" rel=\"noreferrer noopener\">Podle autor\u016f<\/a><\/figcaption><\/figure><\/div>\n\n\n<p><\/p>\n","protected":false},"excerpt":{"rendered":"<div class=\"mh-excerpt\"><\/div>","protected":false},"author":1,"featured_media":0,"parent":0,"menu_order":0,"comment_status":"closed","ping_status":"open","template":"","meta":[],"_links":{"self":[{"href":"https:\/\/www.mentlik.net\/index.php\/wp-json\/wp\/v2\/pages\/2"}],"collection":[{"href":"https:\/\/www.mentlik.net\/index.php\/wp-json\/wp\/v2\/pages"}],"about":[{"href":"https:\/\/www.mentlik.net\/index.php\/wp-json\/wp\/v2\/types\/page"}],"author":[{"embeddable":true,"href":"https:\/\/www.mentlik.net\/index.php\/wp-json\/wp\/v2\/users\/1"}],"replies":[{"embeddable":true,"href":"https:\/\/www.mentlik.net\/index.php\/wp-json\/wp\/v2\/comments?post=2"}],"version-history":[{"count":13,"href":"https:\/\/www.mentlik.net\/index.php\/wp-json\/wp\/v2\/pages\/2\/revisions"}],"predecessor-version":[{"id":96,"href":"https:\/\/www.mentlik.net\/index.php\/wp-json\/wp\/v2\/pages\/2\/revisions\/96"}],"wp:attachment":[{"href":"https:\/\/www.mentlik.net\/index.php\/wp-json\/wp\/v2\/media?parent=2"}],"curies":[{"name":"wp","href":"https:\/\/api.w.org\/{rel}","templated":true}]}}